2 = 0, 3*w + 4*j - 7 = 21. Suppose 3*y + y = -w*l - 32, 4*y + 2 = l. List the prime factors of (-11077)/(-44) - l/(-8).
251
Let g(b) = -110*b - 437. Let w be g(-4). Let o = 5 + -1. List the prime factors of (-4)/16 + 31/o*w.
23
Suppose 194*r - 204*r = -173180. List the prime factors of r.
2, 7, 1237
What are the prime factors of 1 + -7 + (-18 + 32 - 6) - -36258?
2, 5, 7, 37
List the prime factors of (2778/(-24))/((-28)/1120).
2, 5, 463
Let a(y) = -y**3 - 50*y**2 - 121*y - 17. List the prime factors of a(-51).
5, 17, 103
Let l(u) be the second derivative of u**5/20 + 5*u**4/12 - 5*u**3/2 - 2*u**2 - 15*u. Let d be l(-7). Suppose -5*t + 58 - d = 0. What are the prime factors of t?
11
Suppose 3*w - 6263 = -7*c + 3*c, c + 6238 = 3*w. What are the prime factors of w?
2081
Let o(k) = k**2 - 14*k + 30. Let i be o(12). Let r be (i/(-5))/((-6)/255). What are the prime factors of -1 + r - 3/1?
47
Let t(p) = 3*p**3 - 24*p**2 + 3*p - 1078. List the prime factors of t(27).
2, 10139
Suppose 68*j = 78*j - 130030. What are the prime factors of j?
13003
Let x be (-72 + 66)*(-3226)/4. Suppose -x - 2586 = -45*a. What are the prime factors of a?
3, 5, 11
List the prime factors of 2/(-2 + 7 - 4*(-274565)/(-219660)).
3, 7, 523
Let o = 6 + 10. Let h be (-5 - -10) + (-2 - -3). Let a = o - h. What are the prime factors of a?
2, 5
Suppose -18*g - 218 = -272. Suppose -5*q = -2*h + 3004, -3*q = -g*h - 5*q + 4525. List the prime factors of h.
11, 137
Suppose -5*r + 7*r = -2*s + 6812, -6808 = -2*r - s. Suppose -2994 - r = -13*d. List the prime factors of d.
2, 3, 41
Let p be 176/33 + (-2 - (-5)/3). Let b(y) = y**3 + y - 1. Let c(i) = 9*i**3 - 3*i**2 + 7*i - 11. Let m(g) = p*b(g) - c(g). List the prime factors of m(-3).
3, 7
Suppose -159*a = -755344 - 63506. What are the prime factors of a?
2, 5, 103
Suppose 2*o - n = 12796, -o + n + 10305 = 3907. What are the prime factors of o?
2, 7, 457
Let w = 443 - -125. Suppose -g + 126 = 5*q, 4*g + 0*q = -4*q + w. List the prime factors of g.
2, 73
Suppose -11513 = -h - 2*n, -2*n = 73*h - 77*h + 46002. What are the prime factors of h?
11503
Suppose i - 2 = 3*i. Let j be 1 + i + -3 + (4 - -3). List the prime factors of -60*(114/(-15) + j).
2, 3
What are the prime factors of (-7501)/(-26)*(-224 + 17)*(-2)/3?
3, 23, 577
Let q(a) be the third derivative of -a**5/60 - 5*a**4/6 + 17*a**3/6 - 68*a**2. What are the prime factors of q(-20)?
17
Let q(b) = 103*b**3 + 2*b**2 + b + 7. Let r(y) = -102*y**3 - 2*y**2 - y - 6. Let a(i) = -5*q(i) - 6*r(i). List the prime factors of a(2).
787
Suppose 2*l - 67 + 55 = 0. Suppose -l*k - 10 = 4*p - 5*k, p = k - 5. List the prime factors of (-1 - -38)*(6/(-2))/p.
37
Let v be -1*1 + 17 + -11. Suppose v*d = 2*r - 74, 0 = 2*r + 5*d - 44 - 50. Suppose r = 2*a + 12. List the prime factors of a.
3, 5
Suppose -5*y + m - 179 = -2*m, 0 = 2*y - 5*m + 83. Let a = 75 + y. Suppose 2*w - w + a = f, -w = 0. What are the prime factors of f?
41
Let k(s) = 96*s**3 + 8*s**2 - 32*s - 19. What are the prime factors of k(4)?
5, 7
Suppose 20*m = 45802 + 9178. What are the prime factors of m?
2749
List the prime factors of -1 + 42/(-6) + (-29844)/(-4).
29, 257
Suppose 2*v = 3*i - 0*i + 198, 0 = i - 5*v + 53. Let u = -62 - i. Suppose 317 - 1307 = -u*d. List the prime factors of d.
3, 5, 11
Let w(k) = -1232*k - 1102. List the prime factors of w(-22).
2, 13001
Suppose 8*h = -2*q + 3*h + 11, -3*q + 64 = -2*h. Let x(v) = -49 + 11*v + q - 4*v. What are the prime factors of x(5)?
2
Let q = 4403 - -358. List the prime factors of q.
3, 23
Suppose -312*d + 186450 = -302*d. List the prime factors of d.
3, 5, 11, 113
Let p be (6 + (1 - 6))*-817. Let t = 45 - p. List the prime factors of t.
2, 431
Let x be (2 + 4/(-10))/((-5)/(-25)). What are the prime factors of (4 - (2 + 4)) + x?
2, 3
Let q = 29 - 24. Suppose 2*u = q*s + 159, 0 = 5*u - 0*u - 2*s - 429. Suppose -g + 0*c + u = -c, 2*g + 3*c = 199. List the prime factors of g.
2, 23
Let d = -34793 + 53975. What are the prime factors of d?
2, 3, 23, 139
Suppose 18*u - 61 = 119. List the prime factors of (u + -18 + 9)*569*1.
569
Suppose -55*n + 125496 = -58*n. What are the prime factors of (-42)/(-399) - n/57?
2, 367
Suppose -232 = 21*b - 22. List the prime factors of -26*((-1080)/50 - (-4)/b).
2, 11, 13
Suppose a = -5*z - 3*a + 31938, 2*z - 12795 = 5*a. What are the prime factors of z?
2, 3, 5, 71
Let t = 24495 - 14389. List the prime factors of t.
2, 31, 163
Let z = 853 - 852. List the prime factors of 1658 + (z - 4) + 6/3.
1657
What are the prime factors of (-13)/(1 + -53) + 22670/8?
2, 13, 109
Let f(j) = 11*j**3 + 98*j**2 - 103*j + 64. Let b(n) = -4*n**3 - 33*n**2 + 35*n - 22. Let k(z) = -17*b(z) - 6*f(z). What are the prime factors of k(15)?
2, 5, 101
Let g = -133 + 137. Suppose g*k + 1996 = 4*y, -4*y + 4*k + 2002 = 2*k. Let o = 710 - y. List the prime factors of o.
2, 13
Let f(p) = p**2 + 4*p + 402. List the prime factors of f(-59).
7, 521
Let m = -39 - -54. Suppose 0 = -8*s + m*s - 21. Suppose -s*j + 151 + 167 = 0. What are the prime factors of j?
2, 53
Let z = 111 + -96. Suppose z*l - 124 + 4 = 0. Suppose -l*t + 568 = -328. What are the prime factors of t?
2, 7
Let h(u) = 2*u**2 - 10*u + 10. Let m be h(4). Let j be (m + 29)/((-10)/(-50)). Let r = 312 - j. List the prime factors of r.
157
Suppose 149*l + 3456 = 165*l. Suppose 0 = b - 2 - 12. Suppose b*q - l = 2*q. List the prime factors of q.
2, 3
Let h = 440 + -435. Suppose -h*u = t - 1524, -2 - 13 = 5*u. What are the prime factors of t?
3, 19
Let l be -3*(-80)/12 - -4. Suppose -6*x + l = -5*x. Let m = x + 16. What are the prime factors of m?
2, 5
Let t(x) = 2929*x + 163. What are the prime factors of t(4)?
7, 1697
Let j = 352 + 6306. What are the prime factors of j?
2, 3329
Let q(b) = 607*b**3 - 57*b**2 - 6*b + 5. What are the prime factors of q(5)?
5, 13, 229
Suppose -143*d + 4*j - 66194 = -148*d, -39684 = -3*d + 3*j. What are the prime factors of d?
2, 13, 509
Let c(b) = -5*b + 45. Let d be c(21). Let j = 70 + d. Suppose 3*a - 5*y - 180 - 251 = 0, j = 5*y. List the prime factors of a.
3, 7
Let f(y) be the third derivative of 7*y**5/120 - 25*y**4/24 - 3*y**3 - 11*y**2. Let p(m) be the first derivative of f(m). List the prime factors of p(5).
2, 5
Let z = 124 + -87. Let y = z - 32. Suppose -1029 = -y*k + 186. List the prime factors of k.
3
Let d = 41547 + -35257. List the prime factors of d.
2, 5, 17, 37
Let d(f) = 4*f**2 - 8*f - 16. Let i(y) = y**2 + y - 1. Let o = 141 + -140. Let v(u) = o*d(u) - 3*i(u). What are the prime factors of v(-9)?
167
Let l = 26 - 30. List the prime factors of (-437)/l - (-17)/(-68).
109
Let j(a) = -7 + 4*a - 720*a**2 - 16*a + 778*a**2. List the prime factors of j(-3).
19, 29
Suppose -25*b + 42 + 83 = 0. Suppose -b*k + 3*k + 4*d = -770, 16 = 4*d. What are the prime factors of k?
3, 131
Let h(b) be the third derivative of 0*b + 8*b**2 + 0 - 9/2*b**3 - 3/8*b**4. List the prime factors of h(-9).
2, 3
Suppose 30431 - 7382 = 13*z. What are the prime factors of z?
3, 197
Let i(a) = -862*a - 1283. What are the prime factors of i(-15)?
19, 613
Let y(z) = z**3 + 15*z**2 + 10*z - 52. Let t = 164 + -176. List the prime factors of y(t).
2, 5, 13
List the prime factors of -2*(0 - -2) - ((-30 - -22) + -3166).
2, 5, 317
Suppose x - 5*h - 22893 = 0, 91503 = -35*x + 39*x + 3*h. List the prime factors of x.
2, 3, 31, 41
Let d(u) = u + 10. Let z be d(-3). Suppose -3*p = 4*v - 23, -v - 5*p = -0 + z. What are the prime factors of v?
2
Let z(p) = 10*p**3 + 53*p**2 - 16*p + 39. What are the prime factors of z(9)?
2, 3, 1913
Let a(u) be the second derivative of 19*u**3/2 - 91*u**2/2 - 47*u. What are the prime factors of a(5)?
2, 97
Let j = 80 - 13. Let i = 8 - 8. Suppose i = 9*d - 8*d - j. List the prime factors of d.
67
Suppose 4217 = -17*i - 2770. Let n = i + 579. List the prime factors of n.
2, 3, 7
What are the prime factors of -281*(-1539)/18*10/15?
3, 19, 281
Let s(o) = -3*o**2 - 16*o + 7. Let n be s(-5). Suppose n*i + 3*i = 9855. List the prime factors of i.
3, 73
Suppose -7829822 = -536*c + 103*c - 1384184. What are the prime factors of c?
2, 3, 827
Let p = 138 + -129. Suppose 642 = -3*w + p*w. List the prime factors of w.
107
Let j(z) = -z**2 - 16*z + 11. Let w(i) be the third derivative of -i**5/60 - i**4/2 - 7*i**3/2 -